{"id":59,"date":"2010-08-10T21:38:34","date_gmt":"2010-08-10T21:38:34","guid":{"rendered":"http:\/\/localhost\/wordpress\/?page_id=59"},"modified":"2014-11-10T20:20:17","modified_gmt":"2014-11-10T20:20:17","slug":"galerie","status":"publish","type":"page","link":"http:\/\/www.gesangverein-alsenborn.de\/?page_id=59","title":{"rendered":"Galerie"},"content":{"rendered":"<p>Hinweis zur Bedienung: Zum Vergr\u00f6\u00dfern die Bilder anklicken, zum Durchbl\u00e4ttern die Pfeile unter der Gro\u00dfansicht anw\u00e4hlen, zum Schlie\u00dfen der Gro\u00dfansicht auf Bild klicken.<\/p>\n<h3><strong>Momo, November 2014<\/strong><\/h3>\n<h3>ngg_shortcode_0_placeholder<\/h3>\n<h3><span style=\"color: #800000;\"><strong>Ritter Rost, Februar 2013<\/strong><\/span><\/h3>\n<h3><span style=\"color: #800000;\">ngg_shortcode_1_placeholder<\/span><\/h3>\n<h3><span style=\"color: #800000;\"><strong>AAO bei der &#8222;Langen nacht der Kultur&#8220; in Kaiserslautern, April 2012<br \/>\n<\/strong><\/span><\/h3>\n<h3><span style=\"color: #800000;\">ngg_shortcode_2_placeholder<\/span><\/h3>\n<h3><span style=\"color: #800000;\"><strong>Vogelhochzeit, April 2012<br \/>\n<\/strong><\/span><\/h3>\n<h3><span style=\"color: #800000;\">ngg_shortcode_3_placeholder<\/span><\/h3>\n<h3><span style=\"color: #800000;\"><strong>Neujahrskonzert des Alsenborner Akkordeonorchesters,<br \/>\nJanuar 2012<br \/>\n<\/strong><\/span><\/h3>\n<h3><span style=\"color: #800000;\">ngg_shortcode_4_placeholder<\/span><\/h3>\n<h3><span style=\"color: #800000;\"><strong><br \/>\nNachwuchsorchester des AAO auf dem Weihnachtsmarkt Otterberg, Dezember 2011<br \/>\n<\/strong><\/span><\/h3>\n<h3><span style=\"color: #800000;\">ngg_shortcode_5_placeholder<\/span><\/h3>\n<h3><span style=\"color: #800000;\"><strong><br \/>\nMusikalische Zeitreise &#8222;Sch\u00f6n war die Zeit&#8220;, November 2011<\/strong><\/span><\/h3>\n<h3><span style=\"color: #800000;\">ngg_shortcode_6_placeholder<\/span><\/h3>\n<h3><span style=\"color: #800000;\"><strong><br \/>\nAusflug des AAO nach Gr\u00fcnstadt und Bad D\u00fcrkheim,<br \/>\nSeptember 2011<br \/>\n<\/strong><\/span><\/h3>\n<h3><span style=\"color: #800000;\">ngg_shortcode_7_placeholder<\/span><\/h3>\n<h3><span style=\"color: #800000;\"><strong><br \/>\nNachwuchsorchester des AAO beim 1. Deutschen Akkordeon-Jugendorchesterwettbewerb in Rheinhausen, Juni 2011<br \/>\n<\/strong><\/span><\/h3>\n<h3><span style=\"color: #800000;\">ngg_shortcode_8_placeholder<\/span><\/h3>\n<h3><span style=\"color: #800000;\"><strong><br \/>\n&#8222;S\u00e4ngerkrieg der Heidehasen&#8220; mit Musiksch\u00fclern von Susanne Bosl\u00e9, November 2010<\/strong><\/span><\/h3>\n<h3><span style=\"color: #800000;\">ngg_shortcode_9_placeholder<\/span><\/h3>\n<h3><span style=\"color: #800000;\"><strong><br \/>\nJubil\u00e4umskonzert &#8222;50 Jahre Alsenborner Akkordeonorchester, 35 Jahre Frauenchor, 20 Jahre Alte Schule&#8220;, November 2010<\/strong><\/span><\/h3>\n<h3><span style=\"color: #800000;\">ngg_shortcode_10_placeholder<\/span><\/h3>\n<h3><span style=\"color: #800000;\"><strong><br \/>\nTagesausflug des Gesangvereins nach Ludwigsburg und Schw\u00e4bisch Hall, Oktober 2010<\/strong><\/span><\/h3>\n<h3><span style=\"color: #800000;\">ngg_shortcode_11_placeholder<\/span><\/h3>\n<h3><span style=\"color: #800000;\"><strong><br \/>\nKerwewagen bei der Alsenborner Kerwe, September 2010<\/strong><\/span><\/h3>\n<h3><span style=\"color: #800000;\">ngg_shortcode_12_placeholder<\/span><\/h3>\n<h3><span style=\"color: #800000;\"><strong><br \/>\nOrchesterfahrt des Alsenborner Akkordeonorchesters in die Lausitz, Oktober 2009<\/strong><\/span><\/h3>\n<h3><span style=\"color: #800000;\">ngg_shortcode_13_placeholder<\/span><\/h3>\n<h3><span style=\"color: #800000;\"><strong><br \/>\nKonzert des GV Alsenborn mit dem &#8222;Coro La Faita&#8220;, Mai 2008<br \/>\n<\/strong><\/span><\/h3>\n<h3><span style=\"color: #800000;\">ngg_shortcode_14_placeholder<\/span><\/h3>\n<h3><span style=\"color: #800000;\"><strong><br \/>\nAlsenborner Akkordeonorchester auf der Gartenschau,<br \/>\nOktober 2007<\/strong><\/span><\/h3>\n<h3><span style=\"color: #800000;\">ngg_shortcode_15_placeholder<\/span><\/h3>\n<h3><span style=\"color: #800000;\"><strong><br \/>\nKonzert &#8222;50 Jahre am Pult&#8220;, M\u00e4rz 2007<br \/>\n<\/strong><\/span><\/h3>\n<h3><span style=\"color: #800000;\">ngg_shortcode_16_placeholder<\/span><\/h3>\n<h3><span style=\"color: #800000;\"><strong><br \/>\nAlsenborner Akkordeonorchester in Berlin, Oktober 2006<\/strong><\/span><\/h3>\n<h3><span style=\"color: #800000;\">ngg_shortcode_17_placeholder<\/span><\/h3>\n<h3><span style=\"color: #800000;\"><strong><br \/>\nBundesverdienstkreuz f\u00fcr Klaus Kronibus, September 2006<\/strong><\/span><\/h3>\n<h3><span style=\"color: #800000;\">ngg_shortcode_18_placeholder<\/span><\/h3>\n<h3><span style=\"color: #800000;\"><strong><br \/>\nFeier zum 70. Geburtstag von Klaus Kronibus, Dezember 2005<\/strong><\/span><\/h3>\n<h3><span style=\"color: #800000;\">ngg_shortcode_19_placeholder<\/span><\/h3>\n<h3><span style=\"color: #800000;\"><strong><br \/>\nFahrt des Alsenborner Akkordeonorchesters nach Wien,<br \/>\nOktober 2003<\/strong><\/span><\/h3>\n<h3><span style=\"color: #800000;\">ngg_shortcode_20_placeholder<\/span><\/h3>\n<h3><span style=\"color: #800000;\"><strong><br \/>\nFahrt des Alsenborner Akkordeonorchesters nach Verdun,<br \/>\nNovember 2002<\/strong><\/span><\/h3>\n<h3><span style=\"color: #800000;\">ngg_shortcode_21_placeholder<\/span><\/h3>\n<h3><strong> <\/strong><\/h3>\n<h3><strong> <\/strong><\/h3>\n<h3><strong> <\/strong><\/h3>\n<h3><strong> <\/strong><\/h3>\n<h3><strong> <\/strong><\/h3>\n<h3><strong> <\/strong><\/h3>\n<h3><strong> <\/strong><\/h3>\n<h3><strong> <\/strong><\/h3>\n<h3><strong> <\/strong><\/h3>\n<h3><strong> <\/strong><\/h3>\n<h3><strong> <\/strong><\/h3>\n","protected":false},"excerpt":{"rendered":"<p>Hinweis zur Bedienung: Zum Vergr\u00f6\u00dfern die Bilder anklicken, zum Durchbl\u00e4ttern die Pfeile unter der Gro\u00dfansicht anw\u00e4hlen, zum Schlie\u00dfen der Gro\u00dfansicht auf Bild klicken. Momo, November 2014 Ritter Rost, Februar 2013 AAO bei der &#8222;Langen nacht der Kultur&#8220; in Kaiserslautern, April 2012 Vogelhochzeit, April 2012 Neujahrskonzert des Alsenborner Akkordeonorchesters, Januar 2012 Nachwuchsorchester des AAO auf dem&#8230;<\/p>\n","protected":false},"author":1,"featured_media":0,"parent":0,"menu_order":4,"comment_status":"closed","ping_status":"closed","template":"","meta":{"ngg_post_thumbnail":0,"footnotes":""},"class_list":["post-59","page","type-page","status-publish","hentry"],"_links":{"self":[{"href":"http:\/\/www.gesangverein-alsenborn.de\/index.php?rest_route=\/wp\/v2\/pages\/59","targetHints":{"allow":["GET"]}}],"collection":[{"href":"http:\/\/www.gesangverein-alsenborn.de\/index.php?rest_route=\/wp\/v2\/pages"}],"about":[{"href":"http:\/\/www.gesangverein-alsenborn.de\/index.php?rest_route=\/wp\/v2\/types\/page"}],"author":[{"embeddable":true,"href":"http:\/\/www.gesangverein-alsenborn.de\/index.php?rest_route=\/wp\/v2\/users\/1"}],"replies":[{"embeddable":true,"href":"http:\/\/www.gesangverein-alsenborn.de\/index.php?rest_route=%2Fwp%2Fv2%2Fcomments&post=59"}],"version-history":[{"count":50,"href":"http:\/\/www.gesangverein-alsenborn.de\/index.php?rest_route=\/wp\/v2\/pages\/59\/revisions"}],"predecessor-version":[{"id":632,"href":"http:\/\/www.gesangverein-alsenborn.de\/index.php?rest_route=\/wp\/v2\/pages\/59\/revisions\/632"}],"wp:attachment":[{"href":"http:\/\/www.gesangverein-alsenborn.de\/index.php?rest_route=%2Fwp%2Fv2%2Fmedia&parent=59"}],"curies":[{"name":"wp","href":"https:\/\/api.w.org\/{rel}","templated":true}]}}

<p>Hinweis zur Bedienung: Zum Vergrößern die Bilder anklicken, zum Durchblättern die Pfeile unter der Großansicht anwählen, zum Schließen der Großansicht auf Bild klicken.</p>
<h3><strong>Momo, November 2014</strong></h3>
<h3>ngg_shortcode_0_placeholder</h3>
<h3><span style="color: #800000;"><strong>Ritter Rost, Februar 2013</strong></span></h3>
<h3><span style="color: #800000;">ngg_shortcode_1_placeholder</span></h3>
<h3><span style="color: #800000;"><strong>AAO bei der &#8222;Langen nacht der Kultur&#8220; in Kaiserslautern, April 2012<br />
</strong></span></h3>
<h3><span style="color: #800000;">ngg_shortcode_2_placeholder</span></h3>
<h3><span style="color: #800000;"><strong>Vogelhochzeit, April 2012<br />
</strong></span></h3>
<h3><span style="color: #800000;">ngg_shortcode_3_placeholder</span></h3>
<h3><span style="color: #800000;"><strong>Neujahrskonzert des Alsenborner Akkordeonorchesters,<br />
Januar 2012<br />
</strong></span></h3>
<h3><span style="color: #800000;">ngg_shortcode_4_placeholder</span></h3>
<h3><span style="color: #800000;"><strong><br />
Nachwuchsorchester des AAO auf dem Weihnachtsmarkt Otterberg, Dezember 2011<br />
</strong></span></h3>
<h3><span style="color: #800000;">ngg_shortcode_5_placeholder</span></h3>
<h3><span style="color: #800000;"><strong><br />
Musikalische Zeitreise &#8222;Schön war die Zeit&#8220;, November 2011</strong></span></h3>
<h3><span style="color: #800000;">ngg_shortcode_6_placeholder</span></h3>
<h3><span style="color: #800000;"><strong><br />
Ausflug des AAO nach Grünstadt und Bad Dürkheim,<br />
September 2011<br />
</strong></span></h3>
<h3><span style="color: #800000;">ngg_shortcode_7_placeholder</span></h3>
<h3><span style="color: #800000;"><strong><br />
Nachwuchsorchester des AAO beim 1. Deutschen Akkordeon-Jugendorchesterwettbewerb in Rheinhausen, Juni 2011<br />
</strong></span></h3>
<h3><span style="color: #800000;">ngg_shortcode_8_placeholder</span></h3>
<h3><span style="color: #800000;"><strong><br />
&#8222;Sängerkrieg der Heidehasen&#8220; mit Musikschülern von Susanne Boslé, November 2010</strong></span></h3>
<h3><span style="color: #800000;">ngg_shortcode_9_placeholder</span></h3>
<h3><span style="color: #800000;"><strong><br />
Jubiläumskonzert &#8222;50 Jahre Alsenborner Akkordeonorchester, 35 Jahre Frauenchor, 20 Jahre Alte Schule&#8220;, November 2010</strong></span></h3>
<h3><span style="color: #800000;">ngg_shortcode_10_placeholder</span></h3>
<h3><span style="color: #800000;"><strong><br />
Tagesausflug des Gesangvereins nach Ludwigsburg und Schwäbisch Hall, Oktober 2010</strong></span></h3>
<h3><span style="color: #800000;">ngg_shortcode_11_placeholder</span></h3>
<h3><span style="color: #800000;"><strong><br />
Kerwewagen bei der Alsenborner Kerwe, September 2010</strong></span></h3>
<h3><span style="color: #800000;">ngg_shortcode_12_placeholder</span></h3>
<h3><span style="color: #800000;"><strong><br />
Orchesterfahrt des Alsenborner Akkordeonorchesters in die Lausitz, Oktober 2009</strong></span></h3>
<h3><span style="color: #800000;">ngg_shortcode_13_placeholder</span></h3>
<h3><span style="color: #800000;"><strong><br />
Konzert des GV Alsenborn mit dem &#8222;Coro La Faita&#8220;, Mai 2008<br />
</strong></span></h3>
<h3><span style="color: #800000;">ngg_shortcode_14_placeholder</span></h3>
<h3><span style="color: #800000;"><strong><br />
Alsenborner Akkordeonorchester auf der Gartenschau,<br />
Oktober 2007</strong></span></h3>
<h3><span style="color: #800000;">ngg_shortcode_15_placeholder</span></h3>
<h3><span style="color: #800000;"><strong><br />
Konzert &#8222;50 Jahre am Pult&#8220;, März 2007<br />
</strong></span></h3>
<h3><span style="color: #800000;">ngg_shortcode_16_placeholder</span></h3>
<h3><span style="color: #800000;"><strong><br />
Alsenborner Akkordeonorchester in Berlin, Oktober 2006</strong></span></h3>
<h3><span style="color: #800000;">ngg_shortcode_17_placeholder</span></h3>
<h3><span style="color: #800000;"><strong><br />
Bundesverdienstkreuz für Klaus Kronibus, September 2006</strong></span></h3>
<h3><span style="color: #800000;">ngg_shortcode_18_placeholder</span></h3>
<h3><span style="color: #800000;"><strong><br />
Feier zum 70. Geburtstag von Klaus Kronibus, Dezember 2005</strong></span></h3>
<h3><span style="color: #800000;">ngg_shortcode_19_placeholder</span></h3>
<h3><span style="color: #800000;"><strong><br />
Fahrt des Alsenborner Akkordeonorchesters nach Wien,<br />
Oktober 2003</strong></span></h3>
<h3><span style="color: #800000;">ngg_shortcode_20_placeholder</span></h3>
<h3><span style="color: #800000;"><strong><br />
Fahrt des Alsenborner Akkordeonorchesters nach Verdun,<br />
November 2002</strong></span></h3>
<h3><span style="color: #800000;">ngg_shortcode_21_placeholder</span></h3>
<h3><strong> </strong></h3>
<h3><strong> </strong></h3>
<h3><strong> </strong></h3>
<h3><strong> </strong></h3>
<h3><strong> </strong></h3>
<h3><strong> </strong></h3>
<h3><strong> </strong></h3>
<h3><strong> </strong></h3>
<h3><strong> </strong></h3>
<h3><strong> </strong></h3>
<h3><strong> </strong></h3>

<p>Hinweis zur Bedienung: Zum Vergrößern die Bilder anklicken, zum Durchblättern die Pfeile unter der Großansicht anwählen, zum Schließen der Großansicht auf Bild klicken. Momo, November 2014 Ritter Rost, Februar 2013 AAO bei der &#8222;Langen nacht der Kultur&#8220; in Kaiserslautern, April 2012 Vogelhochzeit, April 2012 Neujahrskonzert des Alsenborner Akkordeonorchesters, Januar 2012 Nachwuchsorchester des AAO auf dem&#8230;</p>
